{"id":1407,"date":"2024-02-22T12:56:25","date_gmt":"2024-02-22T12:56:25","guid":{"rendered":"https:\/\/summerdreamsailing.com\/?page_id=1407"},"modified":"2025-07-10T08:09:54","modified_gmt":"2025-07-10T08:09:54","slug":"galeria","status":"publish","type":"page","link":"https:\/\/summerdreamsailing.com\/index.php\/galeria\/","title":{"rendered":"Galeria"},"content":{"rendered":"<style>.kb-row-layout-id1407_b5462c-16 > .kt-row-column-wrap{align-content:start;}:where(.kb-row-layout-id1407_b5462c-16 > .kt-row-column-wrap) > .wp-block-kadence-column{justify-content:start;}.kb-row-layout-id1407_b5462c-16 > .kt-row-column-wrap{column-gap:var(--global-kb-gap-md, 2rem);row-gap:var(--global-kb-gap-md, 2rem);max-width:700px;margin-left:auto;margin-right:auto;padding-top:var(--global-kb-spacing-5xl, 10rem);padding-bottom:var(--global-kb-spacing-5xl, 10rem);grid-template-columns:minmax(0, 1fr);}.kb-row-layout-id1407_b5462c-16{background-image:url('https:\/\/summerdreamsailing.com\/wp-content\/uploads\/2024\/02\/catamaran_sunset_02_istock_opt_1999x1400.jpg');background-size:cover;background-position:50% 65%;background-attachment:scroll;background-repeat:no-repeat;}.kb-row-layout-id1407_b5462c-16 > .kt-row-layout-overlay{opacity:1;background-color:rgba(0, 0, 0, 0);background-image:url('https:\/\/summerdreamsailing.com\/wp-content\/uploads\/2024\/03\/ocean_wave_01_white_wave_up.png');background-size:contain;background-position:75% 100%;background-attachment:scroll;background-repeat:no-repeat;mix-blend-mode:normal;}@media all and (max-width: 1024px){.kb-row-layout-id1407_b5462c-16 > .kt-row-column-wrap{grid-template-columns:minmax(0, 1fr);}}@media all and (max-width: 767px){.kb-row-layout-id1407_b5462c-16 > .kt-row-column-wrap{grid-template-columns:minmax(0, 1fr);}}<\/style><div class=\"kb-row-layout-wrap kb-row-layout-id1407_b5462c-16 alignnone kt-row-has-bg wp-block-kadence-rowlayout\"><div class=\"kt-row-layout-overlay kt-row-overlay-normal\"><\/div><div class=\"kt-row-column-wrap kt-has-1-columns kt-row-layout-equal kt-tab-layout-inherit kt-mobile-layout-row kt-row-valign-top\">\n<style>.kadence-column1407_ffb6b7-eb > .kt-inside-inner-col,.kadence-column1407_ffb6b7-eb > .kt-inside-inner-col:before{border-top-left-radius:0px;border-top-right-radius:0px;border-bottom-right-radius:0px;border-bottom-left-radius:0px;}.kadence-column1407_ffb6b7-eb > .kt-inside-inner-col{column-gap:var(--global-kb-gap-sm, 1rem);}.kadence-column1407_ffb6b7-eb > .kt-inside-inner-col{flex-direction:column;}.kadence-column1407_ffb6b7-eb > .kt-inside-inner-col > .aligncenter{width:100%;}.kadence-column1407_ffb6b7-eb > .kt-inside-inner-col:before{opacity:0.3;}.kadence-column1407_ffb6b7-eb{position:relative;}@media all and (max-width: 1024px){.kadence-column1407_ffb6b7-eb > .kt-inside-inner-col{flex-direction:column;justify-content:center;}}@media all and (max-width: 767px){.kadence-column1407_ffb6b7-eb > .kt-inside-inner-col{flex-direction:column;justify-content:center;}}<\/style>\n<div class=\"wp-block-kadence-column kadence-column1407_ffb6b7-eb\"><div class=\"kt-inside-inner-col\"><style>.wp-block-kadence-advancedheading.kt-adv-heading1407_3376f5-d8, .wp-block-kadence-advancedheading.kt-adv-heading1407_3376f5-d8[data-kb-block=\"kb-adv-heading1407_3376f5-d8\"]{text-align:center;font-style:normal;}.wp-block-kadence-advancedheading.kt-adv-heading1407_3376f5-d8 mark.kt-highlight, .wp-block-kadence-advancedheading.kt-adv-heading1407_3376f5-d8[data-kb-block=\"kb-adv-heading1407_3376f5-d8\"] mark.kt-highlight{font-style:normal;color:#f76a0c;-webkit-box-decoration-break:clone;box-decoration-break:clone;padding-top:0px;padding-right:0px;padding-bottom:0px;padding-left:0px;}.wp-block-kadence-advancedheading.kt-adv-heading1407_3376f5-d8 img.kb-inline-image, .wp-block-kadence-advancedheading.kt-adv-heading1407_3376f5-d8[data-kb-block=\"kb-adv-heading1407_3376f5-d8\"] img.kb-inline-image{width:150px;vertical-align:baseline;}<\/style>\n<h2 class=\"kt-adv-heading1407_3376f5-d8 wp-block-kadence-advancedheading has-theme-palette-9-color has-text-color\" data-kb-block=\"kb-adv-heading1407_3376f5-d8\">Galeria wideo<\/h2>\n\n\n<style>.wp-block-kadence-advancedheading.kt-adv-heading1407_62afa7-47, .wp-block-kadence-advancedheading.kt-adv-heading1407_62afa7-47[data-kb-block=\"kb-adv-heading1407_62afa7-47\"]{text-align:center;font-style:normal;}.wp-block-kadence-advancedheading.kt-adv-heading1407_62afa7-47 mark.kt-highlight, .wp-block-kadence-advancedheading.kt-adv-heading1407_62afa7-47[data-kb-block=\"kb-adv-heading1407_62afa7-47\"] mark.kt-highlight{font-style:normal;color:#f76a0c;-webkit-box-decoration-break:clone;box-decoration-break:clone;padding-top:0px;padding-right:0px;padding-bottom:0px;padding-left:0px;}.wp-block-kadence-advancedheading.kt-adv-heading1407_62afa7-47 img.kb-inline-image, .wp-block-kadence-advancedheading.kt-adv-heading1407_62afa7-47[data-kb-block=\"kb-adv-heading1407_62afa7-47\"] img.kb-inline-image{width:150px;vertical-align:baseline;}<\/style>\n<p class=\"kt-adv-heading1407_62afa7-47 wp-block-kadence-advancedheading has-theme-palette-9-color has-text-color\" data-kb-block=\"kb-adv-heading1407_62afa7-47\">Wybrane filmy z naszych rejs\u00f3w<\/p>\n<\/div><\/div>\n\n<\/div><\/div>\n\n<style>.kb-row-layout-id1407_f272ea-93 > .kt-row-column-wrap{align-content:center;}:where(.kb-row-layout-id1407_f272ea-93 > .kt-row-column-wrap) > .wp-block-kadence-column{justify-content:center;}.kb-row-layout-id1407_f272ea-93 > .kt-row-column-wrap{column-gap:var(--global-kb-gap-lg, 4rem);row-gap:var(--global-kb-gap-md, 2rem);max-width:var( --global-content-width, 1290px );padding-left:var(--global-content-edge-padding);padding-right:var(--global-content-edge-padding);padding-top:var(--global-kb-spacing-4xl, 8rem);padding-bottom:var(--global-kb-spacing-xxl, 5rem);grid-template-columns:minmax(0, calc(60% - ((var(--global-kb-gap-lg, 4rem) * 1 )\/2)))minmax(0, calc(40% - ((var(--global-kb-gap-lg, 4rem) * 1 )\/2)));}.kb-row-layout-id1407_f272ea-93 > .kt-row-layout-overlay{opacity:0.30;}@media all and (max-width: 1024px){.kb-row-layout-id1407_f272ea-93 > .kt-row-column-wrap{grid-template-columns:minmax(0, 1fr);}}@media all and (max-width: 767px){.kb-row-layout-id1407_f272ea-93 > .kt-row-column-wrap{grid-template-columns:minmax(0, 1fr);}}<\/style><div class=\"kb-row-layout-wrap kb-row-layout-id1407_f272ea-93 alignnone wp-block-kadence-rowlayout\"><div class=\"kt-row-column-wrap kt-has-2-columns kt-row-layout-equal kt-tab-layout-row kt-mobile-layout-row kt-row-valign-middle kb-theme-content-width\">\n<style>.kadence-column1407_a6db83-87 > .kt-inside-inner-col,.kadence-column1407_a6db83-87 > .kt-inside-inner-col:before{border-top-left-radius:0px;border-top-right-radius:0px;border-bottom-right-radius:0px;border-bottom-left-radius:0px;}.kadence-column1407_a6db83-87 > .kt-inside-inner-col{column-gap:var(--global-kb-gap-sm, 1rem);}.kadence-column1407_a6db83-87 > .kt-inside-inner-col{flex-direction:column;}.kadence-column1407_a6db83-87 > .kt-inside-inner-col > .aligncenter{width:100%;}.kadence-column1407_a6db83-87 > .kt-inside-inner-col:before{opacity:0.3;}.kadence-column1407_a6db83-87{position:relative;}@media all and (max-width: 1024px){.kadence-column1407_a6db83-87 > .kt-inside-inner-col{flex-direction:column;justify-content:center;}}@media all and (max-width: 767px){.kadence-column1407_a6db83-87 > .kt-inside-inner-col{flex-direction:column;justify-content:center;}}<\/style>\n<div class=\"wp-block-kadence-column kadence-column1407_a6db83-87\"><div class=\"kt-inside-inner-col\">\n<figure class=\"wp-block-embed is-type-video is-provider-youtube wp-block-embed-youtube wp-embed-aspect-16-9 wp-has-aspect-ratio\"><div class=\"wp-block-embed__wrapper\">\n<iframe title=\"Kierunek Kotor - Intro\" width=\"720\" height=\"405\" src=\"https:\/\/www.youtube.com\/embed\/nW2fdYULH-s?list=PLj2ro_PGT3J74nCOEmtFDqj-Uel0as-43\" frameborder=\"0\" allow=\"accelerometer; autoplay; clipboard-write; encrypted-media; gyroscope; picture-in-picture; web-share\" referrerpolicy=\"strict-origin-when-cross-origin\" allowfullscreen><\/iframe>\n<\/div><\/figure>\n<\/div><\/div>\n\n\n<style>.kadence-column1407_dfaf2e-9e > .kt-inside-inner-col,.kadence-column1407_dfaf2e-9e > .kt-inside-inner-col:before{border-top-left-radius:0px;border-top-right-radius:0px;border-bottom-right-radius:0px;border-bottom-left-radius:0px;}.kadence-column1407_dfaf2e-9e > .kt-inside-inner-col{column-gap:var(--global-kb-gap-sm, 1rem);}.kadence-column1407_dfaf2e-9e > .kt-inside-inner-col{flex-direction:column;}.kadence-column1407_dfaf2e-9e > .kt-inside-inner-col > .aligncenter{width:100%;}.kadence-column1407_dfaf2e-9e > .kt-inside-inner-col:before{opacity:0.3;}.kadence-column1407_dfaf2e-9e{position:relative;}@media all and (max-width: 1024px){.kadence-column1407_dfaf2e-9e > .kt-inside-inner-col{flex-direction:column;justify-content:center;}}@media all and (max-width: 767px){.kadence-column1407_dfaf2e-9e > .kt-inside-inner-col{flex-direction:column;justify-content:center;}}<\/style>\n<div class=\"wp-block-kadence-column kadence-column1407_dfaf2e-9e\"><div class=\"kt-inside-inner-col\"><style>.wp-block-kadence-advancedheading.kt-adv-heading1407_c082a1-ac, .wp-block-kadence-advancedheading.kt-adv-heading1407_c082a1-ac[data-kb-block=\"kb-adv-heading1407_c082a1-ac\"]{text-align:left;font-style:normal;}.wp-block-kadence-advancedheading.kt-adv-heading1407_c082a1-ac mark.kt-highlight, .wp-block-kadence-advancedheading.kt-adv-heading1407_c082a1-ac[data-kb-block=\"kb-adv-heading1407_c082a1-ac\"] mark.kt-highlight{font-style:normal;color:#f76a0c;-webkit-box-decoration-break:clone;box-decoration-break:clone;padding-top:0px;padding-right:0px;padding-bottom:0px;padding-left:0px;}.wp-block-kadence-advancedheading.kt-adv-heading1407_c082a1-ac img.kb-inline-image, .wp-block-kadence-advancedheading.kt-adv-heading1407_c082a1-ac[data-kb-block=\"kb-adv-heading1407_c082a1-ac\"] img.kb-inline-image{width:150px;vertical-align:baseline;}@media all and (max-width: 767px){.wp-block-kadence-advancedheading.kt-adv-heading1407_c082a1-ac, .wp-block-kadence-advancedheading.kt-adv-heading1407_c082a1-ac[data-kb-block=\"kb-adv-heading1407_c082a1-ac\"]{font-size:var(--global-kb-font-size-lg, 2rem);}}<\/style>\n<h2 class=\"kt-adv-heading1407_c082a1-ac wp-block-kadence-advancedheading has-theme-palette-3-color has-text-color\" data-kb-block=\"kb-adv-heading1407_c082a1-ac\">Dubrownik i Zatoka Kotorska<\/h2>\n\n\n<style>.wp-block-kadence-advancedheading.kt-adv-heading1407_ce8861-69, .wp-block-kadence-advancedheading.kt-adv-heading1407_ce8861-69[data-kb-block=\"kb-adv-heading1407_ce8861-69\"]{font-style:normal;}.wp-block-kadence-advancedheading.kt-adv-heading1407_ce8861-69 mark.kt-highlight, .wp-block-kadence-advancedheading.kt-adv-heading1407_ce8861-69[data-kb-block=\"kb-adv-heading1407_ce8861-69\"] mark.kt-highlight{font-style:normal;color:#f76a0c;-webkit-box-decoration-break:clone;box-decoration-break:clone;padding-top:0px;padding-right:0px;padding-bottom:0px;padding-left:0px;}.wp-block-kadence-advancedheading.kt-adv-heading1407_ce8861-69 img.kb-inline-image, .wp-block-kadence-advancedheading.kt-adv-heading1407_ce8861-69[data-kb-block=\"kb-adv-heading1407_ce8861-69\"] img.kb-inline-image{width:150px;vertical-align:baseline;}<\/style>\n<p class=\"kt-adv-heading1407_ce8861-69 wp-block-kadence-advancedheading\" data-kb-block=\"kb-adv-heading1407_ce8861-69\">Zapraszamy do obejrzenia film\u00f3w z naszego rejsu z Dubrownika do Zatoki Kotorskiej w Czarnog\u00f3rze<\/p>\n<\/div><\/div>\n\n<\/div><\/div>\n\n<style>.kb-row-layout-id1407_f0fdb1-90 > .kt-row-column-wrap{align-content:start;}:where(.kb-row-layout-id1407_f0fdb1-90 > .kt-row-column-wrap) > .wp-block-kadence-column{justify-content:start;}.kb-row-layout-id1407_f0fdb1-90 > .kt-row-column-wrap{column-gap:var(--global-kb-gap-md, 2rem);row-gap:var(--global-kb-gap-md, 2rem);padding-top:var(--global-kb-spacing-5xl, 10rem);padding-bottom:var(--global-kb-spacing-5xl, 10rem);grid-template-columns:minmax(0, 1fr);}.kb-row-layout-id1407_f0fdb1-90{background-image:url('https:\/\/summerdreamsailing.com\/wp-content\/uploads\/2024\/03\/topdown_beach_and_umprellas_02_depo_opt_mid.jpg');background-size:cover;background-position:center center;background-attachment:scroll;background-repeat:no-repeat;}.kb-row-layout-id1407_f0fdb1-90 > .kt-row-layout-overlay{opacity:1;background-image:url('https:\/\/summerdreamsailing.com\/wp-content\/uploads\/2024\/03\/ocean_wave_01_transparent_wave_up.png');background-size:contain;background-position:50% 0%;background-attachment:scroll;background-repeat:no-repeat;}@media all and (max-width: 1024px){.kb-row-layout-id1407_f0fdb1-90 > .kt-row-column-wrap{grid-template-columns:minmax(0, 1fr);}}@media all and (max-width: 767px){.kb-row-layout-id1407_f0fdb1-90 > .kt-row-column-wrap{grid-template-columns:minmax(0, 1fr);}}<\/style><div class=\"kb-row-layout-wrap kb-row-layout-id1407_f0fdb1-90 alignnone kt-row-has-bg wp-block-kadence-rowlayout\"><div class=\"kt-row-layout-overlay kt-row-overlay-normal\"><\/div><div class=\"kt-row-column-wrap kt-has-1-columns kt-row-layout-equal kt-tab-layout-inherit kt-mobile-layout-row kt-row-valign-top\">\n<style>.kadence-column1407_0e0d11-8a > .kt-inside-inner-col,.kadence-column1407_0e0d11-8a > .kt-inside-inner-col:before{border-top-left-radius:0px;border-top-right-radius:0px;border-bottom-right-radius:0px;border-bottom-left-radius:0px;}.kadence-column1407_0e0d11-8a > .kt-inside-inner-col{column-gap:var(--global-kb-gap-sm, 1rem);}.kadence-column1407_0e0d11-8a > .kt-inside-inner-col{flex-direction:column;}.kadence-column1407_0e0d11-8a > .kt-inside-inner-col > .aligncenter{width:100%;}.kadence-column1407_0e0d11-8a > .kt-inside-inner-col:before{opacity:0.3;}.kadence-column1407_0e0d11-8a{position:relative;}@media all and (max-width: 1024px){.kadence-column1407_0e0d11-8a > .kt-inside-inner-col{flex-direction:column;justify-content:center;}}@media all and (max-width: 767px){.kadence-column1407_0e0d11-8a > .kt-inside-inner-col{flex-direction:column;justify-content:center;}}<\/style>\n<div class=\"wp-block-kadence-column kadence-column1407_0e0d11-8a\"><div class=\"kt-inside-inner-col\"><\/div><\/div>\n\n<\/div><\/div>","protected":false},"excerpt":{"rendered":"<p>Galeria wideo Wybrane filmy z naszych rejs\u00f3w Dubrownik i Zatoka Kotorska Zapraszamy do obejrzenia film\u00f3w z naszego rejsu z Dubrownika do Zatoki Kotorskiej w Czarnog\u00f3rze<\/p>\n","protected":false},"author":3,"featured_media":0,"parent":0,"menu_order":0,"comment_status":"closed","ping_status":"closed","template":"","meta":{"_kadence_starter_templates_imported_post":false,"_kad_post_transparent":"","_kad_post_title":"","_kad_post_layout":"","_kad_post_sidebar_id":"","_kad_post_content_style":"","_kad_post_vertical_padding":"","_kad_post_feature":"","_kad_post_feature_position":"","_kad_post_header":false,"_kad_post_footer":true,"_kad_post_classname":"","footnotes":""},"class_list":["post-1407","page","type-page","status-publish","hentry"],"_links":{"self":[{"href":"https:\/\/summerdreamsailing.com\/index.php\/wp-json\/wp\/v2\/pages\/1407","targetHints":{"allow":["GET"]}}],"collection":[{"href":"https:\/\/summerdreamsailing.com\/index.php\/wp-json\/wp\/v2\/pages"}],"about":[{"href":"https:\/\/summerdreamsailing.com\/index.php\/wp-json\/wp\/v2\/types\/page"}],"author":[{"embeddable":true,"href":"https:\/\/summerdreamsailing.com\/index.php\/wp-json\/wp\/v2\/users\/3"}],"replies":[{"embeddable":true,"href":"https:\/\/summerdreamsailing.com\/index.php\/wp-json\/wp\/v2\/comments?post=1407"}],"version-history":[{"count":4,"href":"https:\/\/summerdreamsailing.com\/index.php\/wp-json\/wp\/v2\/pages\/1407\/revisions"}],"predecessor-version":[{"id":1756,"href":"https:\/\/summerdreamsailing.com\/index.php\/wp-json\/wp\/v2\/pages\/1407\/revisions\/1756"}],"wp:attachment":[{"href":"https:\/\/summerdreamsailing.com\/index.php\/wp-json\/wp\/v2\/media?parent=1407"}],"curies":[{"name":"wp","href":"https:\/\/api.w.org\/{rel}","templated":true}]}}